{"id":2315,"date":"2025-09-30T12:10:38","date_gmt":"2025-09-30T12:10:38","guid":{"rendered":"https:\/\/graficasmosell.com\/new\/producto\/flyers-papel-estucado-130-gr-a-color-2-caras\/"},"modified":"2025-09-30T12:14:33","modified_gmt":"2025-09-30T12:14:33","slug":"flyers","status":"publish","type":"product","link":"https:\/\/graficasmosell.com\/mosell\/producto\/flyers\/","title":{"rendered":"Flyers"},"content":{"rendered":"<p>Imprimir flyers es una medida de publicidad que ha demostrado ser eficaz. Esto se debe, adem\u00e1s de por las caracter\u00edsticas del producto, por el m\u00e9todo de distribuci\u00f3n, que se suele realizar en mano a pie de calle o mediante buzoneo directamente en casa de los potenciales clientes. As\u00ed, los flyers se colocan en la primera posici\u00f3n del\u00a0top\u00a0de productos de inter\u00e9s.<\/p>\n","protected":false},"excerpt":{"rendered":"<p>Imprimir flyers es una medida de publicidad que ha demostrado ser eficaz.<\/p>\n","protected":false},"featured_media":1762,"comment_status":"open","ping_status":"closed","template":"","meta":{"_acf_changed":false},"product_brand":[],"product_cat":[37],"product_tag":[],"class_list":{"0":"post-2315","1":"product","2":"type-product","3":"status-publish","4":"has-post-thumbnail","6":"product_cat-flyers","8":"first","9":"instock","10":"sold-individually","11":"taxable","12":"shipping-taxable","13":"purchasable","14":"product-type-variable"},"acf":[],"yoast_head":"<!-- This site is optimized with the Yoast SEO plugin v27.2 - https:\/\/yoast.com\/product\/yoast-seo-wordpress\/ -->\n<title>Flyers - Gr&aacute;ficas Mosell<\/title>\n<meta name=\"robots\" content=\"index, follow, max-snippet:-1, max-image-preview:large, max-video-preview:-1\" \/>\n<link rel=\"canonical\" href=\"https:\/\/graficasmosell.com\/mosell\/producto\/flyers\/\" \/>\n<meta property=\"og:locale\" content=\"es_ES\" \/>\n<meta property=\"og:type\" content=\"article\" \/>\n<meta property=\"og:title\" content=\"Flyers - Gr&aacute;ficas Mosell\" \/>\n<meta property=\"og:description\" content=\"Imprimir flyers es una medida de publicidad que ha demostrado ser eficaz.\" \/>\n<meta property=\"og:url\" content=\"https:\/\/graficasmosell.com\/mosell\/producto\/flyers\/\" \/>\n<meta property=\"og:site_name\" content=\"Gr&aacute;ficas Mosell\" \/>\n<meta property=\"article:modified_time\" content=\"2025-09-30T12:14:33+00:00\" \/>\n<meta property=\"og:image\" content=\"https:\/\/graficasmosell.com\/mosell\/wp-content\/uploads\/2025\/09\/Flyer.png\" \/>\n\t<meta property=\"og:image:width\" content=\"709\" \/>\n\t<meta property=\"og:image:height\" content=\"709\" \/>\n\t<meta property=\"og:image:type\" content=\"image\/png\" \/>\n<meta name=\"twitter:card\" content=\"summary_large_image\" \/>\n<meta name=\"twitter:label1\" content=\"Tiempo de lectura\" \/>\n\t<meta name=\"twitter:data1\" content=\"1 minuto\" \/>\n<script type=\"application\/ld+json\" class=\"yoast-schema-graph\">{\"@context\":\"https:\/\/schema.org\",\"@graph\":[{\"@type\":\"WebPage\",\"@id\":\"https:\/\/graficasmosell.com\/mosell\/producto\/flyers\/\",\"url\":\"https:\/\/graficasmosell.com\/mosell\/producto\/flyers\/\",\"name\":\"Flyers - Gr&aacute;ficas Mosell\",\"isPartOf\":{\"@id\":\"https:\/\/graficasmosell.com\/mosell\/#website\"},\"primaryImageOfPage\":{\"@id\":\"https:\/\/graficasmosell.com\/mosell\/producto\/flyers\/#primaryimage\"},\"image\":{\"@id\":\"https:\/\/graficasmosell.com\/mosell\/producto\/flyers\/#primaryimage\"},\"thumbnailUrl\":\"https:\/\/graficasmosell.com\/mosell\/wp-content\/uploads\/2025\/09\/Flyer.png\",\"datePublished\":\"2025-09-30T12:10:38+00:00\",\"dateModified\":\"2025-09-30T12:14:33+00:00\",\"breadcrumb\":{\"@id\":\"https:\/\/graficasmosell.com\/mosell\/producto\/flyers\/#breadcrumb\"},\"inLanguage\":\"es\",\"potentialAction\":[{\"@type\":\"ReadAction\",\"target\":[\"https:\/\/graficasmosell.com\/mosell\/producto\/flyers\/\"]}]},{\"@type\":\"ImageObject\",\"inLanguage\":\"es\",\"@id\":\"https:\/\/graficasmosell.com\/mosell\/producto\/flyers\/#primaryimage\",\"url\":\"https:\/\/graficasmosell.com\/mosell\/wp-content\/uploads\/2025\/09\/Flyer.png\",\"contentUrl\":\"https:\/\/graficasmosell.com\/mosell\/wp-content\/uploads\/2025\/09\/Flyer.png\",\"width\":709,\"height\":709,\"caption\":\"Flyer\"},{\"@type\":\"BreadcrumbList\",\"@id\":\"https:\/\/graficasmosell.com\/mosell\/producto\/flyers\/#breadcrumb\",\"itemListElement\":[{\"@type\":\"ListItem\",\"position\":1,\"name\":\"Portada\",\"item\":\"https:\/\/graficasmosell.com\/mosell\/home\/\"},{\"@type\":\"ListItem\",\"position\":2,\"name\":\"Tienda\",\"item\":\"https:\/\/graficasmosell.com\/mosell\/tienda\/\"},{\"@type\":\"ListItem\",\"position\":3,\"name\":\"Flyers\"}]},{\"@type\":\"WebSite\",\"@id\":\"https:\/\/graficasmosell.com\/mosell\/#website\",\"url\":\"https:\/\/graficasmosell.com\/mosell\/\",\"name\":\"Gr&aacute;ficas Mosell\",\"description\":\"Imprenta, Rotulaci\u00f3n y Regalos\",\"publisher\":{\"@id\":\"https:\/\/graficasmosell.com\/mosell\/#organization\"},\"potentialAction\":[{\"@type\":\"SearchAction\",\"target\":{\"@type\":\"EntryPoint\",\"urlTemplate\":\"https:\/\/graficasmosell.com\/mosell\/?s={search_term_string}\"},\"query-input\":{\"@type\":\"PropertyValueSpecification\",\"valueRequired\":true,\"valueName\":\"search_term_string\"}}],\"inLanguage\":\"es\"},{\"@type\":\"Organization\",\"@id\":\"https:\/\/graficasmosell.com\/mosell\/#organization\",\"name\":\"Mosell\",\"url\":\"https:\/\/graficasmosell.com\/mosell\/\",\"logo\":{\"@type\":\"ImageObject\",\"inLanguage\":\"es\",\"@id\":\"https:\/\/graficasmosell.com\/mosell\/#\/schema\/logo\/image\/\",\"url\":\"\",\"contentUrl\":\"\",\"caption\":\"Mosell\"},\"image\":{\"@id\":\"https:\/\/graficasmosell.com\/mosell\/#\/schema\/logo\/image\/\"}}]}<\/script>\n<!-- \/ Yoast SEO plugin. -->","yoast_head_json":{"title":"Flyers - Gr&aacute;ficas Mosell","robots":{"index":"index","follow":"follow","max-snippet":"max-snippet:-1","max-image-preview":"max-image-preview:large","max-video-preview":"max-video-preview:-1"},"canonical":"https:\/\/graficasmosell.com\/mosell\/producto\/flyers\/","og_locale":"es_ES","og_type":"article","og_title":"Flyers - Gr&aacute;ficas Mosell","og_description":"Imprimir flyers es una medida de publicidad que ha demostrado ser eficaz.","og_url":"https:\/\/graficasmosell.com\/mosell\/producto\/flyers\/","og_site_name":"Gr&aacute;ficas Mosell","article_modified_time":"2025-09-30T12:14:33+00:00","og_image":[{"width":709,"height":709,"url":"https:\/\/graficasmosell.com\/mosell\/wp-content\/uploads\/2025\/09\/Flyer.png","type":"image\/png"}],"twitter_card":"summary_large_image","twitter_misc":{"Tiempo de lectura":"1 minuto"},"schema":{"@context":"https:\/\/schema.org","@graph":[{"@type":"WebPage","@id":"https:\/\/graficasmosell.com\/mosell\/producto\/flyers\/","url":"https:\/\/graficasmosell.com\/mosell\/producto\/flyers\/","name":"Flyers - Gr&aacute;ficas Mosell","isPartOf":{"@id":"https:\/\/graficasmosell.com\/mosell\/#website"},"primaryImageOfPage":{"@id":"https:\/\/graficasmosell.com\/mosell\/producto\/flyers\/#primaryimage"},"image":{"@id":"https:\/\/graficasmosell.com\/mosell\/producto\/flyers\/#primaryimage"},"thumbnailUrl":"https:\/\/graficasmosell.com\/mosell\/wp-content\/uploads\/2025\/09\/Flyer.png","datePublished":"2025-09-30T12:10:38+00:00","dateModified":"2025-09-30T12:14:33+00:00","breadcrumb":{"@id":"https:\/\/graficasmosell.com\/mosell\/producto\/flyers\/#breadcrumb"},"inLanguage":"es","potentialAction":[{"@type":"ReadAction","target":["https:\/\/graficasmosell.com\/mosell\/producto\/flyers\/"]}]},{"@type":"ImageObject","inLanguage":"es","@id":"https:\/\/graficasmosell.com\/mosell\/producto\/flyers\/#primaryimage","url":"https:\/\/graficasmosell.com\/mosell\/wp-content\/uploads\/2025\/09\/Flyer.png","contentUrl":"https:\/\/graficasmosell.com\/mosell\/wp-content\/uploads\/2025\/09\/Flyer.png","width":709,"height":709,"caption":"Flyer"},{"@type":"BreadcrumbList","@id":"https:\/\/graficasmosell.com\/mosell\/producto\/flyers\/#breadcrumb","itemListElement":[{"@type":"ListItem","position":1,"name":"Portada","item":"https:\/\/graficasmosell.com\/mosell\/home\/"},{"@type":"ListItem","position":2,"name":"Tienda","item":"https:\/\/graficasmosell.com\/mosell\/tienda\/"},{"@type":"ListItem","position":3,"name":"Flyers"}]},{"@type":"WebSite","@id":"https:\/\/graficasmosell.com\/mosell\/#website","url":"https:\/\/graficasmosell.com\/mosell\/","name":"Gr&aacute;ficas Mosell","description":"Imprenta, Rotulaci\u00f3n y Regalos","publisher":{"@id":"https:\/\/graficasmosell.com\/mosell\/#organization"},"potentialAction":[{"@type":"SearchAction","target":{"@type":"EntryPoint","urlTemplate":"https:\/\/graficasmosell.com\/mosell\/?s={search_term_string}"},"query-input":{"@type":"PropertyValueSpecification","valueRequired":true,"valueName":"search_term_string"}}],"inLanguage":"es"},{"@type":"Organization","@id":"https:\/\/graficasmosell.com\/mosell\/#organization","name":"Mosell","url":"https:\/\/graficasmosell.com\/mosell\/","logo":{"@type":"ImageObject","inLanguage":"es","@id":"https:\/\/graficasmosell.com\/mosell\/#\/schema\/logo\/image\/","url":"","contentUrl":"","caption":"Mosell"},"image":{"@id":"https:\/\/graficasmosell.com\/mosell\/#\/schema\/logo\/image\/"}}]}},"_links":{"self":[{"href":"https:\/\/graficasmosell.com\/mosell\/wp-json\/wp\/v2\/product\/2315","targetHints":{"allow":["GET"]}}],"collection":[{"href":"https:\/\/graficasmosell.com\/mosell\/wp-json\/wp\/v2\/product"}],"about":[{"href":"https:\/\/graficasmosell.com\/mosell\/wp-json\/wp\/v2\/types\/product"}],"replies":[{"embeddable":true,"href":"https:\/\/graficasmosell.com\/mosell\/wp-json\/wp\/v2\/comments?post=2315"}],"wp:featuredmedia":[{"embeddable":true,"href":"https:\/\/graficasmosell.com\/mosell\/wp-json\/wp\/v2\/media\/1762"}],"wp:attachment":[{"href":"https:\/\/graficasmosell.com\/mosell\/wp-json\/wp\/v2\/media?parent=2315"}],"wp:term":[{"taxonomy":"product_brand","embeddable":true,"href":"https:\/\/graficasmosell.com\/mosell\/wp-json\/wp\/v2\/product_brand?post=2315"},{"taxonomy":"product_cat","embeddable":true,"href":"https:\/\/graficasmosell.com\/mosell\/wp-json\/wp\/v2\/product_cat?post=2315"},{"taxonomy":"product_tag","embeddable":true,"href":"https:\/\/graficasmosell.com\/mosell\/wp-json\/wp\/v2\/product_tag?post=2315"}],"curies":[{"name":"wp","href":"https:\/\/api.w.org\/{rel}","templated":true}]}}